ided by n.
14
Let h(z) = -z**2 + 3*z + 14. Let d be h(-2). Calculate the remainder when 187 is divided by (d - 8)/(-4)*61.
4
Let j(m) = -m**2 + 7*m + 18. Suppose 2*q = 5*x + 12, 4*q - x + 44 - 104 = 0. Calculate the remainder when q is divided by j(8).
6
Suppose -8 = 13*m - 15*m. Suppose f = -f + m. Suppose 0 = 5*r + f*u - 23, -5*u = 2*r - 3 - 2. What is the remainder when 17 is divided by r?
2
Let k(f) be the second derivative of 7*f**4/12 + 2*f**3 + 3*f**2/2 + 29*f. Calculate the remainder when k(6) is divided by 30.
27
Suppose 3*l = -o + 810, 40 = -3*o + 31. What is the remainder when l is divided by 25?
21
Suppose 211*a = 232*a - 2835. What is the remainder when a is divided by (1 - -2) + -5 + 37?
30
Let s(l) = 334*l**2 - l + 7. Let f be s(3). What is the remainder when (1 - (-9)/(-7)) + f/245 is divided by 4?
0
Suppose 51920 = -26*j + 52102. What is the remainder when 1711 is divided by j?
3
Let m(g) = g**3 - 4*g**2 + 3*g - 7. Calculate the remainder when m(6) is divided by (-21070)/(-1290)*(-12)/(-14).
13
Let c(n) = -n**3 - n**2 + n - 488. Let p be c(0). Let x = p + 341. Let d = x - -250. What is the remainder when d is divided by 35?
33
Suppose -827*y = -845*y + 792. Suppose -h + 10 + 0 = 0. Calculate the remainder when y is divided by h.
4
What is the remainder when (2 - ((-6 + 0)/(-1) + 1)) + 719 is divided by 60?
54
Let d = -873 + 1431. Suppose 57*s - d = 48*s. What is the remainder when 181 is divided by s?
57
Suppose -86*t + 34035 = -1311. What is the remainder when t is divided by 9?
6
What is the remainder when 1558 is divided by (-1)/3 + (-2401)/(-147) + -6?
8
Let c(b) = b**2 - b + 18. Suppose 100*y + 314*y - 89*y - 6825 = 0. Calculate the remainder when y is divided by c(0).
3
Suppose -120*v + 3222 + 1722 - 984 = 0. Calculate the remainder when 83 is divided by v.
17
Suppose 0 = 4*s - o - 158, 686*s - o = 690*s - 162. What is the remainder when 3851 is divided by s?
11
Suppose -4*o + 677 = 5*n, -3*n + 158 = -5*o - 226. What is the remainder when n is divided by (-405)/15*-1*3/3?
25
Suppose 5*k = 5*f - 30, 0 = -k + 2*f - 7*f. Let r(t) = -t**2 - 9*t - 3. What is the remainder when 50 is divided by r(k)?
16
Let h(t) = t**3 - 17*t**2 + 8*t + 30. Let f(k) = 17*k**2 + 8*k - 8. Let p be f(1). Calculate the remainder when h(p) is divided by 14.
12
Let q be 1 - (3 - 1)*21/14. Let j be (q - (1 - 2)) + 1. Suppose 5*b = -j*v - 2*v + 163, -2*v + 4*b + 190 = 0. What is the remainder when v is divided by 13?
11
Let a(k) = -168*k - 349. Calculate the remainder when a(-14) is divided by 666.
5
Suppose b + q = 3, -4*q - 5 = 2*b - 13. Suppose v = a + 145, -4*v + 3*a + 575 = -b*a. What is the remainder when v is divided by 76?
74
Let a(r) = 13*r + 142. Let s(d) = 9*d + 95. Let k(u) = 5*a(u) - 8*s(u). Let b be k(-6). What is the remainder when 61 is divided by 18 + (b/3 - 10/(-15))?
13
Suppose 0 = j + 1 - 1. Suppose 2425 = 5*w - 7*r + 2*r, j = 5*w + r - 2419. Suppose 8*s - 4*s = w. What is the remainder when s is divided by 41?
39
Let c be 61 + 4/8*8/(-2). Let d = 189 - c. Calculate the remainder when d is divided by 11.
9
Suppose 555*z + 594 = 276*z + 312*z. What is the remainder when 1255 is divided by z?
13
Let q = -1939 + 3271. What is the remainder when q is divided by 223?
217
Let p(d) = -5*d**2 + 43*d. Let v be (-52)/(-4) - 10/2. What is the remainder when 61 is divided by p(v)?
13
Calculate the remainder when 673 is divided by (-2 + 16/6)/(122/3660).
13
Calculate the remainder when (-1062)/(-135) + (-2)/(-15) - -2071 is divided by 228.
27
Let o(p) = p**3 + 7*p**2 - p - 5. Let t be o(-7). Suppose t*y = -y + 42. Let q(x) = -1075*x + 135485. Calculate the remainder when q(126) is divided by y.
7
Let i(k) = -k**2 + 13*k - 32. Let a be i(4). Suppose 224 = 5*y - c, a*y + 15*c - 185 = 10*c. What is the remainder when y is divided by 18?
9
Let j(g) = -g - 1. Let i(h) = 2*h**3 - 13*h**2 + 10*h - 1. Let y(l) = -i(l) - 4*j(l). What is the remainder when y(5) is divided by 11?
6
Let y = 53547 + -53522. Calculate the remainder when y is divided by (3/(-4))/(1/(-28)).
4
Let q = 9510 + -3482. Calculate the remainder when q is divided by 29.
25
Let g be 2 + (10/25 - (-2)/(-5)). Suppose 0 = 3*k - o - 24, g*o + 0*o - 8 = -k. Let f = k - 5. What is the remainder when 8 is divided by f?
2
Let i(z) = -61*z + 1029. Calculate the remainder when i(13) is divided by 48.
44
Suppose -x = -4*x + 30. Let w(v) = -v**2 - 19*v + 3*v**2 + 6*v. Calculate the remainder when w(x) is divided by 15.
10
Suppose 2*c - 93 - 61 = 0. Let d = 258 + -252. Let f(b) = -b**2 + 2*b + 34. Calculate the remainder when c is divided by f(d).
7
Let v = -8189 + 8517. What is the remainder when v is divided by 327?
1
Let g = 68 - 21. Calculate the remainder when g is divided by 0/5 + -2 + -11 + 17.
3
Let n = 846 + -388. Suppose 5*w = 3*b - n, 7*w - 830 = -5*b + 2*w. What is the remainder when b is divided by 43?
32
Let s be (-1)/(2*(-3)/42). Suppose 0 = -3*j - s*j + 900. Calculate the remainder when j is divided by 31.
28
What is the remainder when (225/30 + -9)/(6/(-5708)) is divided by 13?
10
Let q = -207 - -267. Suppose -22*b + 622 = -q. Calculate the remainder when b is divided by 5.
1
Suppose 4145 - 378 = 95*g - 1648. Calculate the remainder when 120 is divided by g.
6
Suppose 12*f - 6*f = 3222. Suppose 0 = -0*z - z + f. Suppose -3*y = -4*m + z, m + y = 201 - 65. What is the remainder when m is divided by 34?
33
Suppose -236*y - 311*y + 30066930 = 23*y. Calculate the remainder when y is divided by 112.
109
Suppose 35*u = -7*u + 168. Let d(z) be the first derivative of 13*z**2/2 - 19*z + 5. What is the remainder when d(u) is divided by 17?
16
Let v(g) = -2*g**3 - 2*g**2 - 3. Suppose 0 = -65*k + 59*k + 204. What is the remainder when v(-4) is divided by k?
25
Let w(o) = 23*o**2 - 432*o - 82. Calculate the remainder when 3012 is divided by w(19).
9
Suppose -5*l + 2 - 9 = -2*x, 2*x = -2*l - 14. Calculate the remainder when 161 is divided by 215/10 - x - (-15)/10.
26
Let b(j) = 0 + 4*j + 3*j**3 - 3*j**2 - j**3 - 4*j**3 + 1. Let n = 6239 - 6176. What is the remainder when n is divided by b(-3)?
15
Suppose 5*j - 1371 = -0*j + 3*t, -2*j = -2*t - 546. Calculate the remainder when 526 is divided by j.
250
Let v = -7 + 44. Calculate the remainder when v is divided by -15*(-1 + (-28)/(-20)) - -14.
5
Let l(u) = u**2 - 24*u - 158. Let k be l(35). Let m = 348 - k. Calculate the remainder when m is divided by 32.
25
Suppose 44 = 23*r - 25. Suppose 0 = -r*a + i + 47 + 3, 3*a + 5*i = 38. What is the remainder when 383 is divided by a?
15
Suppose 2*u - 17*u + 45 = 0. Suppose 41 = x - 4*i, u*i - i = 3*x - 73. What is the remainder when 53 is divided by x?
11
Let f(j) = 3*j**3 - j - 2. Calculate the remainder when f(2) is divided by (-192)/(-15) + ((-7)/7 - (-6)/5).
7
Suppose 4*u - 3*m = -1474 + 5124, -m = 2*u - 1840. Calculate the remainder when u is divided by 90.
17
Let b(l) = -2*l - 3. Let f be b(4). Let s = f + 2. Let r(c) = 2*c**2 + 12*c - 11. Calculate the remainder when r(s) is divided by 24.
19
Let v = 2158 - 1787. What is the remainder when 1769 is divided by v?
285
Let f = 3673 + 795. Calculate the remainder when f is divided by 17.
14
Suppose -z - 4 = 0, -3*l + 493 - 149 = 4*z. Let h = 237 - l. Suppose 10*a - a = h. Calculate the remainder when 90 is divided by a.
12
Let h(p) = p**2 + 10*p - 21. Let s be h(-12). Suppose -2*z = -s*l + 937, 4*l + 16*z - 12*z = 1276. What is the remainder when l is divided by 32?
27
Let f be 11/(99/(-36)) + 9. Let s(z) = z**3 - 8*z**2 + 18*z - 7. Calculate the remainder when 30 is divided by s(f).
6
Suppose 47*k - 478 = 45*k. Let x = k + -234. Calculate the remainder when 20 is divided by x.
0
Let w(z) = -z**2 + 12*z + 61. Let s be w(-17). Let p = s + 468. What is the remainder when 133 is divided by p?
25
Let y(g) = 56*g**2 - 7*g + 11. Calculate the remainder when y(3) is divided by 71.
68
Let v(f) = f**2 - 7*f - 532. Calculate the remainder when v(40) is divided by 22.
18
Let l(y) = y**2 + 10*y - 42. Let i be l(9). Let k = i + -26. What is the remainder when k is divided by 35?
33
Suppose 3*a + 10 = -5*g, -2*g - 9 = -3*a - 5. Suppose a = 2*f - 475 + 287. Calculate the remainder when f is divided by (-6 - 1 - 1)*-4.
30
Let s = 403 - 682. Let b = s - -299. Calcula